 2643655619?
False
Is 34213923 a multiple of 9?
True
Does 10 divide 1190350?
True
Is 927 a factor of 2274919?
False
Is 4622 a factor of 719474386?
True
Is 182015633 a multiple of 1033?
True
Is 33193459 a multiple of 169?
True
Is 5327 a factor of 1238373017?
True
Is 330 a factor of 170005300?
False
Is 469 a factor of 109925389?
False
Is 56517736 a multiple of 4?
True
Is 1409536 a multiple of 64?
True
Does 12 divide 169825692?
True
Is 1672 a factor of 98790120?
True
Is 2955 a factor of 259861549?
False
Is 1882481 even?
False
Is 243536586 a multiple of 362?
True
Is 1518 a factor of 2233145648?
False
Is 4135 a factor of 237546564?
False
Is 8696205 a multiple of 399?
True
Does 209 divide 219176165?
False
Is 1273 a factor of 105973764?
False
Does 344 divide 34370072?
True
Is 2711296 a multiple of 238?
True
Is 49154840 a multiple of 2170?
True
Is 117 a factor of 128647268?
False
Is 156 a factor of 20850804?
True
Is 7 a factor of 276309663?
True
Is 52 a factor of 21294993?
False
Is 70099056 a multiple of 53?
False
Does 710 divide 38347521?
False
Does 17 divide 149836402?
True
Is 370 a factor of 3238791?
False
Is 1991334606 a multiple of 42?
False
Is 10113100 a multiple of 25?
True
Does 46 divide 204198462?
True
Does 7 divide 51085191?
False
Does 85 divide 301210691?
False
Is 218 a factor of 60543832?
True
Is 121 a factor of 212582541?
False
Does 23 divide 52499805?
False
Is 282081318 a multiple of 642?
True
Is 2651103 a multiple of 9?
True
Does 459 divide 293785783?
False
Is 666314352 a multiple of 1584?
True
Does 310 divide 1951200051?
False
Does 88 divide 1471103970?
False
Is 8677086 a multiple of 7?
False
Is 5904 a factor of 1807602614?
False
Does 32 divide 4241867365?
False
Does 24 divide 12819936?
True
Is 965 a factor of 32461635?
True
Is 68553463 a multiple of 19?
True
Is 97 a factor of 4099054421?
True
Does 9 divide 128412864?
True
Is 320 a factor of 12460160?
True
Does 43 divide 45658498?
False
Is 190124280 a multiple of 30?
True
Does 2662 divide 214878942?
False
Does 973 divide 205427377?
False
Is 27383328 a multiple of 987?
True
Is 1594 a factor of 53684444?
False
Does 31 divide 246623126?
False
Does 121 divide 216431097?
False
Is 2436081 a multiple of 455?
False
Is 188682800 a multiple of 40?
True
Is 68510400 a multiple of 75?
True
Is 411148126 a multiple of 1483?
False
Is 148 a factor of 10827828?
True
Does 448 divide 403021138?
False
Is 7437 a factor of 3219024216?
False
Does 345 divide 513266932?
False
Is 22252576 a multiple of 187?
False
Does 2955 divide 205987140?
True
Does 234 divide 1358158489?
False
Is 40 a factor of 330180970?
False
Is 1147 a factor of 57450515?
False
Does 616 divide 1504804639?
False
Is 57502875 a multiple of 177?
True
Does 28 divide 6190604?
True
Does 752 divide 197248096?
True
Is 44457011 a multiple of 12?
False
Is 286 a factor of 299892164?
True
Does 535 divide 29498830?
True
Is 23 a factor of 104895502?
True
Does 7 divide 2046304?
False
Is 2735472750 a multiple of 11058?
True
Is 10972 a factor of 2333122135?
False
Is 334818204 a multiple of 233?
True
Does 18 divide 322144867?
False
Is 59618402 a multiple of 222?
False
Does 5 divide 604870455?
True
Is 64 a factor of 102697191?
False
Is 4145952010 a multiple of 81?
False
Is 29417206 a multiple of 1222?
True
Does 18 divide 20759418?
True
Is 614652971 a multiple of 771?
False
Does 83 divide 36295143?
False
Is 59 a factor of 219866356?
False
Is 3 a factor of 11797813?
False
Is 255 a factor of 112167774?
False
Is 31 a factor of 84971031?
True
Does 3 divide 10136292?
True
Does 157 divide 1915744?
False
Does 77 divide 36188649?
False
Is 2218 a factor of 134774552?
True
Is 25 a factor of 108219175?
True
Does 274 divide 172670597?
False
Is 15 a factor of 503532570?
True
Is 153925411 a multiple of 58?
False
Is 48 a factor of 2096592?
True
Is 808416869 a multiple of 13?
True
Is 43045408 a multiple of 41?
True
Does 44 divide 633682060?
True
Is 30986650 a multiple of 194?
True
Is 1362757 a multiple of 2208?
False
Is 3412300 a multiple of 20?
True
Does 292 divide 1020710236?
True
Does 226 divide 10670138?
True
Is 366122437 a multiple of 37?
True
Is 622 a factor of 2428313502?
True
Is 273 a factor of 331799286?
True
Is 6 a factor of 11023703?
False
Does 43 divide 234624991?
False
Does 20 divide 10907960?
True
Is 2705 a factor of 198602965?
False
Does 1262 divide 294221418?
True
Is 2407 a factor of 527337595?
True
Does 1443 divide 33413145?
False
Is 185 a factor of 287961862?
False
Is 95 a factor of 864760205?
True
Is 281340009 a multiple of 33?
False
Is 894 a factor of 239846510?
False
Does 104 divide 18027152?
True
Does 71 divide 57317945?
True
Is 671632866 a multiple of 18?
True
Is 122 a factor of 21513713?
False
Is 1447 a factor of 989904188?
False
Is 119947737 a multiple of 21?
True
Does 4554 divide 909866430?
True
Is 220 a factor of 45325280?
True
Does 794 divide 936649545?
False
Is 197407258 a multiple of 123?
False
Is 48 a factor of 10199796?
False
Is 252084322 a multiple of 49?
True
Is 12576064 a multiple of 22?
False
Is 23 a factor of 404605888?
False
Is 33 a factor of 1096642845?
False
Is 640 a factor of 1782236160?
True
Does 2 divide 73685263?
False
Is 21 a factor of 49825944?
True
Does 15 divide 12996601?
False
Is 19 a factor of 217398000?
True
Does 76 divide 1147172120?
True
Is 835989530 a multiple of 231?
False
Does 421 divide 36639630?
True
Does 2306 divide 363863740?
True
Is 846084757 a multiple of 157?
False
Is 273 a factor of 37295513?
False
Does 1020 divide 1368840?
True
Is 3398754890 a multiple of 4490?
True
Is 4677287 a multiple of 19?
True
Does 9 divide 37489248?
True
Does 66 divide 12770664?
False
Is 97 a factor of 16124601?
True
Does 10 divide 18849961?
False
Is 1108262184 a multiple of 311?
True
Does 226 divide 131181164?
False
Is 432 a factor of 129828096?
True
Is 519 a factor of 1272069?
True
Does 467 divide 165803105?
False
Does 1203 divide 69527641?
False
Does 102 divide 53493437?
False
Is 74 a factor of 240321512?
True
Does 42 divide 548768430?
True
Is 156954334 a multiple of 60?
False
Is 74 a factor of 30077646?
False
Is 9955624 a multiple of 109?
True
Does 25 divide 86828125?
True
Is 28 a factor of 356142388?
True
Is 28362063 a multiple of 9?
False
Is 77693597 a multiple of 650?
False
Does 600 divide 6555600?
True
Does 495 divide 331064037?
False
Is 9082 a factor of 655971971?
False
Is 130715264 a multiple of 604?
True
Is 115 a factor of 477828740?
False
Is 166317423 a multiple of 1123?
True
Does 9 divide 2740670084?
False
Is 52226328 a multiple of 6?
True
Does 1295 divide 4163248880?
True
Does 107 divide 374376468?
False
Is 66 a factor of 235765029?
False
Does 87 divide 20979557?
False
Does 16 divide 322373424?
True
Does 2 divide 37755604?
True
Does 6 divide 21804330?
True
Does 4373 divide 1521263584?
False
Is 4443 a factor of 80268321?
False
Is 31 a factor of 1216019302?
False
Does 1719 divide 2251885307?
False
Does 75 divide 3145762?
False
Does 5 divide 214789650?
True
Does 68 divide 40906828?
True
Is 1655460 a multiple of 45?
True
Is 49868704 a multiple of 4?
True
Does 458 divide 13552678?
True
Is 63861758 a multiple of 206?
False
Is 193540264 a multiple of 139?
True
Does 3 divide 44690375?
False
Is 14 a factor of 114188059?
False
Is 985502479 a multiple of 13?
True
Is 14 a factor of 1209155265?
False
Is 28 a factor of 278062484?
True
Is 22325294 a multiple of 736?
False
Is 644 a factor of 66928344?
True
Is 49320746 a multiple of 18?
False
Is 35083707 a multiple of 134?
False
Does 33 divide 3496896?
False
Is 107 a factor of 41998308?
False
Is 159842441 a multiple of 45?
False
Is 64705720 a multiple of 14?
False
Is 497 a factor of 66028438?
True
Is 690 a factor of 175840947?
False
Is 1044 a factor of 59904720?
True
Is 10567260 a multiple of 55?
True
Is 260 a factor of 580557289?
False
Is 50393871 a multiple of 57?
True
Is 530010198 a multiple of 1763?
False
Is 21 a factor of 1652464303?
False
Does 1594 divide 400420770?
True
Does 60 divide 975128280?
True
Does 28 divide 1364769119?
False
Is 5105 a factor of 212112750?
True
Is 4735 a factor of 26951620?
True
Does 3537 divide 215661501?
True
Is 23494756 a multiple of 29?
True
Does 25 divide 28116925?
True
Is 243 a factor of 27350622?
True
Is 18 a factor of 58680923?
False
Is 102 a factor 